, 47
Let h = 31636 - 9749. List the prime factors of h.
43, 509
Let t = 189 + -61. Suppose 0*c = -4*d + c + 283, 0 = 2*d + 4*c - t. Let i = 126 - d. What are the prime factors of i?
2, 7
Let u = 1376 - -4339. Suppose 1440 = w + 3*j - 4*j, -4*w - 5*j + u = 0. What are the prime factors of w?
5, 7, 41
Let w = -344 - -325. Let b(s) = s**3 + 21*s**2 - 4*s + 1. List the prime factors of b(w).
17, 47
Let o(y) = 2*y**3 - 8*y**2 + 10*y - 10. Suppose 2*g + 2*s + 1 = 9, 0 = -g - 2*s + 3. What are the prime factors of o(g)?
2, 3, 5
Suppose -2*b = -2*u - 466, 21*u - 4*b - 1147 = 26*u. Let o = 289 + u. List the prime factors of o.
2, 29
Let n(w) = w**3 + 14*w**2 - 7*w - 5. Let p = -48 - -34. Let a be n(p). List the prime factors of (1 + a)*(6 - 5).
2, 47
Let s(k) = -3*k**3 - 14*k**2 + k - 14. Let t be s(-7). Suppose 14*p - 6468 = -t. What are the prime factors of p?
439
Let k(l) = -l**3 + 37*l**2 + 62*l - 178. List the prime factors of k(30).
2, 13, 307
Let n(g) = 88*g**2 + 43*g - 31. List the prime factors of n(-18).
103, 269
Let l be 6/105*10 - (-176)/(-14). List the prime factors of -10*l/18*(123 + 0).
2, 5, 41
Let w = -56 + 61. Suppose -4*a = -w*y - 2028, 0*y = -y + 4. Suppose 16*n - 2096 = a. What are the prime factors of n?
163
Let x be (3 - -3)/3*600/16. Let u = x - 70. Let b(i) = 42*i - 27. What are the prime factors of b(u)?
3, 61
Let d(r) = -36 + 35 + 168*r + 7*r - 23. List the prime factors of d(4).
2, 13
Suppose g + 34 = 3*m - 4*g, 4*m = 3*g + 27. Suppose -m*s = 4*v - 3406, 5*s + 0*s - v - 5669 = 0. What are the prime factors of s?
2, 3, 7
Suppose -239*s + 475169 = -361923 - 1434603. What are the prime factors of s?
5, 1901
Suppose 7*y = -17*y + 3168. Let i(u) = 24*u + 1. Let o be i(-2). Let h = y + o. What are the prime factors of h?
5, 17
Let h = -1048 + 1545. Let k = h - 356. List the prime factors of k.
3, 47
Let n = 4054 - 3604. List the prime factors of n.
2, 3, 5
Suppose 11*w = 12*w - 6*w. Suppose l - 371 = -f, w*f - 20 = -4*f. What are the prime factors of l?
2, 3, 61
Suppose 579325 = 174*j - 2253569. List the prime factors of j.
3, 67
Suppose -42 + 2 = -10*j. Let a(g) = 61*g + 12. List the prime factors of a(j).
2
Let f(g) = 142*g**3 + 16*g**2 + 24*g - 40. List the prime factors of f(5).
2, 5, 1823
Let p(j) = -527*j + 944. List the prime factors of p(-15).
8849
Let w(k) = -11*k**3 + 7*k**2 - k - 8. Let y(c) = 9*c**3 - 8*c**2 + 2*c + 8. Let h(z) = -4*w(z) - 5*y(z). What are the prime factors of h(-5)?
3, 149
List the prime factors of (-2624)/(-820)*(-5)/(-2) + 55865 + 1.
2, 7, 13, 307
Suppose 0 = -p + 5*d, 0*p - d = 4*p - 105. What are the prime factors of ((-1)/(0 + 1))/(p/(-6975))?
3, 31
Suppose -44*b + 46*b = l + 24363, b - 5*l = 12186. List the prime factors of b.
13, 937
Let b = -3 + 15. Let v be (((-32)/10)/(-4))/(b/30). What are the prime factors of (4 - v)*2 - -128?
2, 3, 11
Let x(b) = -6*b**2 + 7 - 9 + 11*b**2 - 2*b + 2*b**2. What are the prime factors of x(-1)?
7
Let y be ((-252)/(-27))/28 + (-39)/9 + 3. Let n(h) be the first derivative of -7*h**2/2 - 3*h + 1. What are the prime factors of n(y)?
2
Let y(x) = 277*x - 1. Let w be y(1). Suppose 0 = -6*b + 8*b - w. Suppose 6*a = 9*a - b. What are the prime factors of a?
2, 23
Let m(k) = 20*k**2 + 6*k**3 + 3 - 8*k**3 + 3*k**3. Let n be m(-20). Suppose 0 = -2*r + 3*v + 112, r - v = -n*v + 56. What are the prime factors of r?
2, 7
Suppose -178275 = 38*z - 247813 - 309892. List the prime factors of z.
5, 1997
Let c be (-1 - (-1)/(-2)) + (-14)/(-4). Let g be (-45)/c*(-30)/25. List the prime factors of (-1264)/(-18) + (-6)/g + 0.
2, 5, 7
Let j(u) = -u**3 + 32*u**2 + 321*u + 13. What are the prime factors of j(-10)?
17, 59
Suppose -5*t + 24779 = -4*b - 6494, 0 = -2*t + 3*b + 12505. List the prime factors of t.
6257
Let w = -1370 + 2958. List the prime factors of w.
2, 397
Let n(d) be the first derivative of 2*d**2 + 16*d + 41. Let r be n(-4). Suppose 3*c + 244 = 4*c - 5*j, r = 3*j. List the prime factors of c.
2, 61
Suppose 462*g - 466*g = -12. What are the prime factors of (-20)/g*396/(-165)?
2
Suppose -53134 = -84*g + 22*g. List the prime factors of g.
857
Suppose -7*q + 2605 = -2*q. Let k = -263 + q. Suppose -10 = 5*h, j - k = -3*j + 5*h. What are the prime factors of j?
2, 31
Let c be (-36)/(-198) + 23791/11. Suppose -2*m + 4*l + 443 = -1007, 3*m - c = 2*l. List the prime factors of m.
719
Let a(v) = v**3 - 3*v**2 + v + 5. Let w be a(0). Suppose 0 = w*d + 3*b - 2646, 2*b + 10 - 4 = 0. What are the prime factors of d?
3, 59
Suppose 0 = 406*r - 400*r + 186. List the prime factors of (-25 - r) + 1*487.
17, 29
Let u(y) = -15*y - 5. Let s be u(-2). Let i = s + 56. Suppose 76*t - i*t + 490 = 0. What are the prime factors of t?
2, 7
Let z = 82194 + -48587. What are the prime factors of z?
7, 4801
Suppose -5*r = -5*f + 214590, 29*f - 343384 = 21*f - 2*r. List the prime factors of f.
2, 11, 1951
Suppose 3*m + 1095*v - 1091*v - 33367 = 0, -3*m = 2*v - 33383. What are the prime factors of m?
3, 1237
Suppose 0 = 8*u - 110 - 562. What are the prime factors of (-945)/u*(0 - -1)*-16?
2, 3, 5
Suppose -10*s = -24545 - 60005. List the prime factors of s.
5, 19, 89
Suppose 37842 = 30*p - 16883 + 5795. List the prime factors of p.
7, 233
Suppose -4*y - 3*v - 2806 = 2*v, 2093 = -3*y + 2*v. Let f = 1439 + y. List the prime factors of (-28)/126 - (f/9)/(-1).
2, 41
Suppose -n + 6 = 4*f + n, -5*f = -n - 4. Suppose -5*h - 25 = w, 0 = -2*h - 5*w + 14 - f. What are the prime factors of (-4)/h - ((-25900)/21)/10?
2, 31
Let l(v) = 42*v - 82*v + 8*v**2 + 44*v - 3. Let s be l(-3). Let p = s + 31. What are the prime factors of p?
2, 11
Let p = -56 - -72. Suppose p = -10*n + 14*n. Suppose -n*f + 188 = 4*h, 98 = 4*h - f - 105. What are the prime factors of h?
2, 5
Suppose -4*i = 3 - 43. Let a = -6 - 2. What are the prime factors of 3/((-66)/2915*i/a)?
2, 53
Suppose 566 = 3*m + w, -7*m - 4*w = -3*m - 768. Let t = m - 128. Suppose g + o - 75 = t, -2*o + 136 = g. List the prime factors of g.
2, 3, 11
Suppose -2 = 31*j - 32*j, -3*j + 24036 = 5*k. List the prime factors of k.
2, 3, 89
Let m = 28061 + -17708. List the prime factors of m.
3, 7, 17, 29
Let w(o) = -30 - 7*o**2 - 14*o + 20*o**2 - 14*o**2 + 2. List the prime factors of w(-9).
17
Let j(u) = -2362*u + 12160. What are the prime factors of j(-8)?
2, 3, 647
Let x(o) be the second derivative of o**3/3 + 27*o**2/2 + 12*o. Let v be x(-9). Suppose 6*k = v*k - 33. List the prime factors of k.
11
Suppose -8*u + 1897 = 697. Suppose 9*w + 104 = 13*w. Let y = u - w. List the prime factors of y.
2, 31
Let j(y) = y**3 - 10*y**2 - 26*y + 285. Let u(b) = 2*b + 32. Let p be u(-10). List the prime factors of j(p).
3, 29
Suppose 48352054 - 18847304 = 699*t - 149*t. List the prime factors of t.
5, 10729
Suppose 29*m - 97739 = -9260. What are the prime factors of m?
3, 113
Suppose 2*l + 10 = 2. Let v be (1 + (-2)/l)*-4. Let w(g) = g**3 + 8*g**2 - 2*g + 10. What are the prime factors of w(v)?
2, 47
Suppose -2*f + 16 = -74. Suppose 3*j + 5 = -4*q, 5*q = 3*j + j - f. Suppose -p = j*c - 251, 2*p + 8 = -0*p. List the prime factors of c.
3, 17
Let w(v) be the third derivative of -v**5/60 - 7*v**4/24 + 10*v**3 + 128*v**2. What are the prime factors of w(-10)?
2, 3, 5
Let t be ((-36)/8 - -5 - -2)*102. List the prime factors of ((-2)/22 - t/825)*-1285.
2, 257
Let p(q) = q**3 - 20*q**2 + 20*q - 48. Let a be p(20). Let s = a + 452. List the prime factors of s.
2, 3, 67
Suppose -53979 = 73*d - 1097111 + 60114. What are the prime factors of d?
2, 6733
Let v be 6/(-3)*90 - 0. Let b = 279 - v. What are the prime factors of b?
3, 17
Let t = 6 + -21. Let s be 462/(-44)*60/9. What are the prime factors of -96*(s/t)/(-7)?
2
List the prime factors of 17/(-1 + 6 + 7 + 90282/(-7524)).
2, 3, 11, 17, 19
Let h = -24 + 29. Suppose 4*l + 3*z - 3432 = 0, h*l + 5*z - 8*z = 4290. What are the prime factors of 156/l - ((-124)/22)/2?
3
Suppose -1295700 = -24029*l + 24015*l. What are the prime factors of l?
2, 3, 5, 617
Suppose 5*q = -0*s + 4*s + 10, 5*q = -4*s + 50. Suppose -3*p = -2*p - 5*y - q, p - 24 = -4*y. List the prime factors of p.
2
Let n be (-30)/(-105) + 3042/(-14). Let p = -81 - n. Let j = p + -64. What are the prime factors of j?
2, 3
Suppose 0*f - 5*f = -8560. Suppose 7*w = f + 591. List the prime